at are the prime factors of m?
2, 3
Let z be 4/(-2)*(-1 + 2). What are the prime factors of (-3)/((-2)/(-20)*z)?
3, 5
Let h be (-5 - 23)*(-1 + 2). Let f = 48 + h. What are the prime factors of f?
2, 5
Let a(n) = n**2 - 4*n. Let q be a(-3). Suppose 3*s = -5*y + 13, -4*s + 0*s - q = -y. Suppose -6 = -3*m, -y*k - m - m + 54 = 0. List the prime factors of k.
2, 5
Let p = 37 + -14. What are the prime factors of p?
23
Let z = 53 - 5. Let p = z + -24. What are the prime factors of p?
2, 3
Suppose z = -3*w + 4, -7 - 2 = -z + 2*w. Suppose 3*t = z - 1. Suppose -t*k + 30 = k. List the prime factors of k.
2, 5
Let z(h) = -h**3 + 4*h**2 + h - 1. Let i be z(4). Let w be -2 + (3/i - -42). Suppose -d - 49 = -4*f, 4*f - 4*d = w - 1. List the prime factors of f.
13
Suppose -s - 27 = 2*s. Let m(j) be the first derivative of -j**2/2 + 4*j + 1. What are the prime factors of m(s)?
13
Let s be (30/(-8))/((-6)/16). Let z(w) = -w**2 + 14*w - 11. What are the prime factors of z(s)?
29
What are the prime factors of -1 + -1 + (39 - -11)?
2, 3
Suppose -5*r + 10 = 0, -s - r = s - 162. What are the prime factors of s?
2, 5
Let d(k) = 55*k**2 + 3*k + 3. What are the prime factors of d(-1)?
5, 11
Suppose -5*g + 207 = l - 133, -5*g - 3*l = -340. What are the prime factors of g?
2, 17
Let f be ((-2)/(-2) - 1)/2. Let g be f/1*8/(-8). Suppose -3*o = -3*m - 54, g = 2*m - 3*m. List the prime factors of o.
2, 3
Suppose 14 = -4*t - 2. Let b be (15/(-20))/((-3)/24). Let m = t + b. What are the prime factors of m?
2
Let h be 430/(-50)*(-7 - -2). Suppose 5*a = 3*a + r + h, -r + 95 = 4*a. List the prime factors of a.
23
Suppose 0 = 2*o + 2 - 6. Let b(f) = -f**2 - 5*f + 3. Let p be b(-5). Let m = o + p. List the prime factors of m.
5
Suppose 2*j - 174 = -0*j - 4*o, 3*o = -4*j + 368. What are the prime factors of j?
5, 19
Let y be (-8)/(-6)*(-2 - -38). Suppose -4*p = -5*p - 5*m + 32, p - y = 3*m. Suppose 0 = -3*c - 9 + p. What are the prime factors of c?
11
Let u(t) = t**3 - 5*t**2 - 6*t - 2. Let y be u(5). What are the prime factors of 3*(y/(-6) + 0)?
2
Suppose -4*u - 54 = -g, -5*g + 3*u + 345 = 24. List the prime factors of g.
2, 3, 11
Let i(c) = -c**2 - 2*c + 5. Let x be i(-4). What are the prime factors of 4 - 2 - 3*x?
11
Let q = -11 - -23. What are the prime factors of (-1)/(4/12) + q?
3
Let o be (-25)/(-3) - (-12)/18. Let p = o - 2. What are the prime factors of p?
7
Let p = -5 + 6. Let i = 2 + p. List the prime factors of i.
3
Let g(j) = -28*j - 1. Let v be g(-1). Suppose 4*y - 69 - v = -4*i, 0 = 5*i - 3*y - 128. List the prime factors of i.
5
Let q = 7 - 4. Let h = q - 0. Suppose 0 = -h*y + 14 + 1. List the prime factors of y.
5
List the prime factors of (-164)/(-12) - 2/(-6).
2, 7
Let o(j) be the first derivative of -j**2/2 - 3*j - 5. List the prime factors of o(-11).
2
Let y = 0 - -6. Suppose y*p - 48 = 3*p. What are the prime factors of p?
2
Let t(z) be the second derivative of z**5/20 - z**4/12 + z**3/3 - z**2/2 + 3*z. List the prime factors of t(2).
7
Suppose -4*v + s + 143 = 0, 3*v + 3*s - 126 = -0*v. What are the prime factors of v?
37
Suppose 0 = -15*z + 16*z - 22. List the prime factors of z.
2, 11
Suppose -4 = 3*t - 13. Suppose -12 = 3*h, 18 = 2*n + n - t*h. What are the prime factors of (1*(-5 + n))/(-1)?
3
Let g(o) = o**3 - 4*o**2 + o - 2. Let i be g(4). Suppose 3 = 4*y + 4*s - 21, -i*s = y - 7. What are the prime factors of y?
5
Suppose 3*h = -5*n + 39, 2*n = -2*h + 27 - 9. Suppose -5*y + 2*y + n = 0. List the prime factors of y.
2
Suppose 5*p - 4*y = 530, -3*p + y + 424 = p. What are the prime factors of p?
2, 53
Let d(q) = q**2 + q - 10. Let j be d(-6). Let v = j + -15. List the prime factors of v.
5
Let z(x) be the second derivative of -x**5/30 + x**3/6 + 3*x. Let w(a) be the second derivative of z(a). What are the prime factors of w(-3)?
2, 3
Let m(d) = -3*d - 15. What are the prime factors of m(-6)?
3
Let k be 38 + 1*2/2. Let t = k + -14. What are the prime factors of t/2 - 1/2?
2, 3
Let y(j) = 2*j**3 + j**2 - 1. Let a be y(-2). Let f = a + 19. List the prime factors of f.
2, 3
Let v = -10 - -5. Let a = v + 9. Suppose 5*p = -a*s + 43 - 8, -5*s + 48 = 2*p. List the prime factors of s.
2, 5
Let j = 3 - 6. List the prime factors of (j/(-2))/(-3)*-20.
2, 5
Suppose 4*y - 1 - 9 = 3*i, -2*i + 4*y = 12. What are the prime factors of (3/i)/(10/140)?
3, 7
Suppose 0*w - 2*w + 62 = 0. Suppose -19 - w = -2*t. List the prime factors of t.
5
Let o = -9 + 13. Suppose o*q + q - 15 = 0. What are the prime factors of q?
3
Suppose -c - 2*n + 11 = -9, -5*c + 45 = -n. Let t = 14 - c. What are the prime factors of t?
2
Suppose 2*u + 11 = 5*y, -3*u - 2*u + 16 = 2*y. What are the prime factors of u?
2
What are the prime factors of 171/(2/11 - (-29)/22)?
2, 3, 19
Let a(f) = 2*f**2 - 6*f + 10. Suppose 0 = 5*h - 3*h - 8. List the prime factors of a(h).
2, 3
Suppose 2*b = -2*x + 4*x + 46, -4*b + 113 = 3*x. List the prime factors of b.
2, 13
Suppose -2*p + 16 = 2*h, -4*h + p = 6*p - 33. Let a(f) = 7 - 19 - f**3 + h*f**2 + 7*f + 4*f. List the prime factors of a(8).
2, 3
Let l be 48/18*21/(-2). Let b = 44 + l. List the prime factors of b.
2
Suppose -2*m - 55 = -k, 4*m - 3*k + 98 = -11. Let g = m - -62. What are the prime factors of g?
2, 17
Let c be (20/8 + -2)*76. Let l = -13 + c. List the prime factors of l.
5
Let b be 0/(-2) - (3 - 0). Let k(j) = j**3 + 2*j**2 + 3*j + 4. Let z be k(b). Let w = 21 + z. What are the prime factors of w?
7
Suppose -3*u = -4*j + 31, -3*j + 4*u + 10 = -22. List the prime factors of j.
2
Let g(o) = 9*o**2 + 2*o - 1. Let b be g(1). Suppose 2*l - 38 = -b. Let v = l + -8. List the prime factors of v.
2, 3
Let g(y) = -2*y - 6. Let u be g(-7). Let v(h) = h**3 - 7*h**2 - 8*h - 3. Let k be v(u). List the prime factors of k + 25 - (0 + 1).
3, 7
Let d = -6 - -8. Let r = d - -6. List the prime factors of r.
2
Suppose 3*l - 83 = 28. List the prime factors of l.
37
Suppose -17 = -5*l - a, 0*l - a + 8 = 2*l. Suppose -b + 10 + 21 = -l*o, -5*o = -5*b + 145. List the prime factors of b.
2, 7
Suppose 8 = -4*n, 3*n - 5 + 21 = 2*q. Suppose q*s - 61 = -6. List the prime factors of s.
11
Let n(a) = 2*a**2 + 1. Let t be n(1). Suppose -4*k = 2*s - 148, 5*s - 82 = -t*k + k. What are the prime factors of k?
2, 3
Let d(c) = -4*c**3 + 2*c**2 - c. Let l be d(1). Let u be (12/9 - 2)*l. Let y = u - 0. What are the prime factors of y?
2
Suppose 0 = -l + 2 - 4. Let j = 15 + l. What are the prime factors of j?
13
Suppose -q - 2*b + 80 = 0, 2*q - 73 = 5*b + 87. What are the prime factors of q?
2, 5
Let f be 2 + 4/(4/3). Suppose 16 = f*r + 1. List the prime factors of 1*(2 - r) + 15.
2, 7
List the prime factors of (-106)/(-6)*(-42)/(-14).
53
Suppose -1410 = -10*s - 350. List the prime factors of s.
2, 53
What are the prime factors of (-118)/(-4 - -2) - -4?
3, 7
Let o(j) = -6*j + 4. Let f be 1/(-3 - (-11)/4). List the prime factors of o(f).
2, 7
Let g(f) = 11*f**2 + 4*f + 2. Suppose 4 = -5*w - 6. What are the prime factors of g(w)?
2, 19
Suppose 0 = 4*r - 274 + 54. List the prime factors of r.
5, 11
Let w(c) = c**2 + c + 2. List the prime factors of w(-3).
2
Let g = 169 - 92. What are the prime factors of g?
7, 11
Let g = -92 - -130. Suppose -g = 4*u + 3*b, 3*u = -3*b - 2*b - 23. List the prime factors of 2/(-11) - 123/u.
11
Let m(o) = o + 3. Let n(k) = 4*k + 12. Let d(z) = -9*m(z) + 2*n(z). Let x be d(-5). Suppose -3*i - x*p = -2, 0*i + 18 = 2*i - 2*p. List the prime factors of i.
2
Let w(j) = 7*j - 10. List the prime factors of w(4).
2, 3
Let p = 12 + -6. Let i = 4 + p. List the prime factors of i.
2, 5
Let l(y) = -y + 414. Let s be l(0). List the prime factors of (s/27)/((-1)/(-3)).
2, 23
Let d(b) = 44*b**2 + 1. Let v be d(-1). Suppose -6*w + 2*w - 4 = -2*p, -5*p + 3*w = -v. What are the prime factors of p?
2, 3
Let h = -3 + 4. What are the prime factors of 5 + -6 - (h - 30)?
2, 7
Let s(m) = 3*m**2 - m. Let g be s(1). Suppose -86 + 16 = -g*y. Suppose -y - 3 = -2*v. What are the prime factors of v?
19
Let u(w) = w - 4. Let a be 68/8 + 1/(-2). Let v be u(a). Suppose 32 = 2*q - 2*d, 2*q - 29 = v*d - 3*d. What are the prime factors of q?
13
What are the prime factors of (-1312)/(-41) + -2*1?
2, 3, 5
Let g(a) = -a**3 - 3*a**2 - 2*a + 1. Suppose -c - c = 8. What are the prime factors of g(c)?
5
Let 